
Suppose 80*b - 183347 = 33*b. What are the prime factors of b?
47, 83
Let w(p) = 60*p**3 + 32*p**2 - 14*p - 4. What are the prime factors of w(6)?
2, 1753
Let m = 85 + -83. Suppose v = -m*g + 13, -5*v + g + 7 = -14. List the prime factors of ((-193)/v + -3)/(2/(-10)).
2, 13
Suppose 0*h = -2*h + 8. Suppose -h*n + 437 = -739. List the prime factors of n.
2, 3, 7
Let d(h) = h**3 - 2*h**2 - h - 6. Let o be d(0). List the prime factors of 3292/o*135/(-90).
823
Let h be 8/(-10) - 940/(-50). What are the prime factors of 13046/h + (-22)/(-99)?
5, 29
Suppose -4*p + 675 = 4503. Let a = -321 - p. List the prime factors of a.
2, 3, 53
Let z(y) = 322*y - 2. Let u be z(17). Suppose 64*c = 52*c + u. What are the prime factors of c?
2, 3, 19
Suppose 3*x - 5*b = -x + 6, -2*b - 6 = 2*x. What are the prime factors of 2*x/(-3 + 4622/1542)?
3, 257
Let h = 201 + -198. Suppose -m + 208 - 47 = g, g + h*m = 163. What are the prime factors of g?
2, 5
Suppose -2*x + 4*s = -84218, -3*x + 4*s + 26132 = -100211. What are the prime factors of x?
5, 337
Suppose -20*j - 26 = -6. Let b(h) = 48*h**2 + 10*h + 9. List the prime factors of b(j).
47
Suppose -3*f + 4*f = -1. Suppose 15*h - 14*h - 21 = 0. What are the prime factors of 6/(-6)*h/f?
3, 7
Suppose -2*q + 9785 = -41*l + 42*l, -19530 = -2*l + 4*q. What are the prime factors of l?
5, 17, 23
Suppose 46837 + 28749 = 21*f - 7*f. What are the prime factors of f?
5399
Let w(h) = 2*h**3 + 13*h**2 + 6*h - 3. Let m be w(-6). List the prime factors of (-5)/((m/(-6))/((-6)/4)).
3, 5
Suppose -h = -4*g + 138525 + 106227, 3*h + 122376 = 2*g. List the prime factors of g.
2, 3, 5099
Let b = -3886 - -7771. List the prime factors of b.
3, 5, 7, 37
Suppose 22626 = 3*j - 3*m, -94*j + 4*m = -92*j - 15098. What are the prime factors of j?
5, 11, 137
Suppose 5*w = 2*w - 1071. Let j be (-6)/10 - w/(-5). What are the prime factors of 3278/16 + (-9)/j?
5, 41
Let x = 649 + 8840. List the prime factors of x.
3, 3163
List the prime factors of (1947024/80 - 4/5)/(3/6).
2, 24337
Let w = -99 + 46. Let n = 57 + w. Suppose -2*h - 156 = -4*h - x, -4*x - 312 = -n*h. What are the prime factors of h?
2, 3, 13
Suppose -2*a + 2 = -0*a, 5*u + a - 1 = 0. Suppose u = 19*o + 2209 - 10227. List the prime factors of o.
2, 211
Let p be (-22)/143 + (-3)/(-39)*-596. Let t be (-20485)/(-35) + p/14 + 3. Let j = -415 + t. What are the prime factors of j?
2, 5, 17
Let f be (3576/(-18))/((-2)/9). Suppose -966 - f = -5*d. What are the prime factors of d?
2, 3, 31
What are the prime factors of (-192)/(-240)*3*(-4 + 23789)?
2, 3, 67, 71
Let l(j) = -9*j - 41. Let r be (-120)/(-18)*(-9)/6. What are the prime factors of l(r)?
7
Let r = -18771 - -20320. List the prime factors of r.
1549
Let v(x) = -253*x - 119. What are the prime factors of v(-4)?
19, 47
List the prime factors of (-88)/(-4) - 4913*-12.
2, 37, 797
Let f be (-520)/(-15)*(-18)/8. List the prime factors of 6/39 - 19956/f - -1.
257
Suppose 2*k - 31567 = -3*i + 10350, 0 = 2*i - 3*k - 27936. What are the prime factors of i?
3, 4657
Let u(c) = 6*c - 30 + 10 + 13 + 14*c**2 + 11. What are the prime factors of u(-5)?
2, 3
Let t(h) = h**3 - 11*h**2 + 12*h - 9. Let o be t(10). Suppose -63 = -o*q + 2*q. List the prime factors of (788/(-12))/(q/(-21)).
197
Let t be 3 + -26 + -2*(-4 - -6). Let x be 6/t + (-1734)/(-27). Suppose -5*h = x - 379. List the prime factors of h.
3, 7
Let h(i) = -1103*i - 31. Let c be h(-1). Suppose 5*t = -3*v + 2680, -t - t + c = 5*v. What are the prime factors of t?
2, 67
Suppose -171071 = -17*a - 0*a. Suppose -25*r - 4*r + a = 0. List the prime factors of r.
347
Suppose -3*h + 109041 = 4*y, y = 4*h - 79762 - 65588. List the prime factors of h.
3, 12113
Suppose -4*l + 13 = 2*a - 5, -4*a + 4*l = -72. Let m be 19/2 - a/10. Suppose m*k - 374 = -94. What are the prime factors of k?
5, 7
Suppose -29*m + 2992 = -51*m. Let l = m + 465. List the prime factors of l.
7, 47
Let q = 241 - 388. Let r be -2 + (-9)/6*60. Let x = r - q. What are the prime factors of x?
5, 11
Let u(j) be the second derivative of -j**3/2 - j**2/2 + 6*j. Let i be u(-1). Suppose -k + 5*r = -30, 6 = i*r - 0. List the prime factors of k.
3, 5
Let x(g) = -10*g + 38. Suppose -360 = 2*i - 6*i - q, -3*i + q + 270 = 0. Suppose 6*c + i = c. List the prime factors of x(c).
2, 109
Let f(x) = -8*x + 7. Let i be f(5). Let n = -34 - i. List the prime factors of (-7)/(((-20)/(-24) - n) + -2).
2, 3, 7
Let v(i) be the second derivative of i**5/20 - 11*i**4/6 + i**3 - 12*i**2 + 55*i. What are the prime factors of v(23)?
643
Let p(w) = -w**3 + 7*w**2 - 5*w - 12. Let z be p(5). Suppose -z = -3*c + 11. What are the prime factors of 30/(-40) - (-750)/c?
3, 31
Suppose -9 = -4*g - 1. Let x be (0 + -3)/(100 + -101). Suppose -163 = -t - x*r, -3*t - g*t + 4*r = -834. What are the prime factors of t?
2, 83
Suppose 2*b = -b - 2*t - 34, -4*b - 22 = -2*t. Let n be 1 + 2/(3*b/(-492)). Suppose -n + 17 = -x. What are the prime factors of x?
5
Let d(z) = 2039*z - 1458. What are the prime factors of d(3)?
3, 1553
Suppose -4*b + 2235 = 443. Suppose -b*c + 930 = -445*c. List the prime factors of c.
2, 5, 31
Suppose a - 4*m - 14618 - 193 = 0, 7 = m. List the prime factors of a.
11, 19, 71
Let g(y) = 14*y**3 + 1 - 6*y**2 - 26*y**3 + 17*y**3 + 9*y - 2*y. Let p(m) = m**3 + m. Let r(t) = g(t) - 2*p(t). What are the prime factors of r(3)?
43
Let o(s) = -557*s - 159. Let u be o(-7). Suppose -33*j + 38*j = u. What are the prime factors of j?
2, 11, 17
Suppose -1 - 4219 = -5*o. Suppose -2*n + 690 = -o. List the prime factors of n.
13, 59
Let i be (-1000)/10*35/(-2) + 2. List the prime factors of (i/9)/(2/3).
2, 73
Let z(q) be the second derivative of q**3/6 - 6*q**2 + 7*q. Let s be z(10). What are the prime factors of 177 + -4 - (16/(-2))/s?
13
Let n(g) be the first derivative of 1/4*g**4 + 3*g**3 - 4*g + 19 + 3/2*g**2. What are the prime factors of n(-8)?
2, 3
Let r = -18301 + 43513. What are the prime factors of r?
2, 3, 11, 191
Suppose 487 = 3*c - 3*g - 239, -5*c = 5*g - 1220. Suppose -19*u + 22*u + 495 = 3*z, 5*u = 4*z - 827. Let m = u + c. List the prime factors of m.
2, 19
What are the prime factors of 20/15 + (-285085)/(-15)?
83, 229
Let j(y) = -y**3 + 3*y**2 - 8*y + 20. Let r be j(-10). Suppose -10*c = -r + 160. What are the prime factors of c?
2, 31
Let g(c) = c**3 + 30*c**2 - 30*c - 154. Let w(t) = -30*t + 60. Let p be w(3). List the prime factors of g(p).
2, 373
Suppose 31*o - 32*o + 3*d + 19268 = 0, 0 = o + 5*d - 19300. List the prime factors of o.
2, 5, 241
Let p(k) = 22*k + 13 + 6 - 1594*k**3 + 1593*k**3 + 5*k**2. Let f be p(8). Suppose o - 140 = -f*g + 43, 9 = -3*o. List the prime factors of g.
2, 31
Suppose 0 = -n - 2*f + 920, 0 = 8*n - 5*n - 4*f - 2720. Suppose -5*j = -j - n. List the prime factors of j.
2, 3, 19
Let b(q) = -q. Let s = -56 - -57. Let i(a) = a - 30. Let m(w) = s*b(w) - i(w). What are the prime factors of m(-18)?
2, 3, 11
Let j(m) = 226*m**2 - 81*m - 710. What are the prime factors of j(-8)?
2, 19, 379
Let a = 1401 + -1366. Let o be 4/14 - 36/28. Let q = a - o. List the prime factors of q.
2, 3
Let u be 2/(-3) + (-11)/(-3). Suppose 0 = -x - 0*p - 3*p + 13, -3*p = -3*x + 15. Suppose 4*n + 207 = 2*c - x, -c + 82 = u*n. What are the prime factors of c?
97
Suppose 0 = 5*r + 5*y - 721 - 884, -4*y + 321 = r. Let i be 6/(-15) - r/(-15). Suppose 7*j - 8*j + i = 0. List the prime factors of j.
3, 7
Suppose 5*u = -x - 22, 0*u = 2*u + 4*x + 16. Let m be 50265/75 - u/5. Suppose -12*s = -s - m. What are the prime factors of s?
61
Suppose 4*s + 555263 = 33*s. List the prime factors of s.
41, 467
Let w(v) = 2*v**2 - 8*v - 6. Let c be w(7). Suppose 2*z - 5*z + c = 0. What are the prime factors of 38/(52/z + -4)?
2, 3, 19
Suppose 2*t = 5*x - 3, -33 = 4*x + 5*t - 9. What are the prime factors of (((-2)/6)/x)/((-9)/(-10638))?
2, 197
Let n(r) = -16*r**2 + 9*r + 19. Let b be n(-2). Let j = 31 - b. What are the prime factors of j?
2, 47
Let j(k) = 19*k - 26*k - 5 + 25 - k**2. Let q be j(-9). What are the prime factors of q*(3/2)/(-1) + 76?
73
Suppose 3*t + 2*i + 83 = 0, i - 120 = 4*t + 6*i. List the prime factors of 27 + t + 215*2.
2, 3
Let k = -105 + 102. Let q be k - (12/(-8))/(3/42). List the prime factors of -94*3*(-3)/q.
47
Suppose p + 4*w = 8*p - 174407, -2*w = -3*